?
10
Suppose 4*l - 177 - 19 = -4*s, -2*l = 5*s - 236. Calculate the remainder when 101 is divided by s.
9
Suppose -5*i + i + 4 = -y, -5*i = 5*y - 30. Let r be 4 - i/4*2. Suppose 0 = -r*x - 4*g + 61, 5*g - 7 = 13. What is the remainder when 57 is divided by x?
12
Let t be (-16)/(1 + -5) - 0. Suppose -3*c = t*v - 96, 4*v + 2*c - 124 = 6*c. What is the remainder when v is divided by 15?
12
Let w(a) = a**2 + 21*a + 129. Calculate the remainder when 109 is divided by w(-11).
14
Suppose -7 - 1 = -4*u. Suppose -15 = 5*h - u*h. Let y(i) = 2*i**2 + 5*i - 7. Calculate the remainder when y(h) is divided by 11.
7
Let m = -10 + 10. Let z = 13 - m. Let f(v) = v**2 - 13*v + 3. What is the remainder when 10 is divided by f(z)?
1
Suppose -v + 7 = 2. Suppose 0 = -v*l + 57 + 68. What is the remainder when 98 is divided by l?
23
Let c = 91 + -88. Suppose -c*a + 258 = 3*a. What is the remainder when a is divided by 11?
10
Suppose 683 = 2*v - 2*j - 3*j, 0 = 4*j + 12. What is the remainder when v is divided by 48?
46
Let y = 243 - 181. Calculate the remainder when y is divided by 14.
6
Let i = 869 - 856. Let k = -88 + 15. Let j = k - -124. Calculate the remainder when j is divided by i.
12
Suppose 3*p - 20 = 4. Suppose 2*n + 2*t = 46, 3*n - t + 0*t - 65 = 0. What is the remainder when n is divided by p?
6
Let w(y) = -7*y + 85. What is the remainder when 51 is divided by w(11)?
3
Suppose 3*m - 4*h = 30, 8 = m - h - 1. Suppose 0 = 3*n - 5*n + 3*d + 48, 0 = -4*n + 4*d + 104. Calculate the remainder when n is divided by (-66)/(-9)*9/m.
8
Calculate the remainder when 62 is divided by ((-48)/9)/(16/3 + -6).
6
Suppose 0 = 34*g - 12*g - 2882. Let v(n) = n**3 + 6*n**2 - 9*n - 9. What is the remainder when g is divided by v(-6)?
41
Let u = -65 + 84. Suppose 0 = 7*n - 5*n - 20. Suppose -216 = -n*p + 6*p. What is the remainder when p is divided by u?
16
Suppose 167 = 4*m + 5*l, 0*m - 2*l = 2*m - 82. Suppose 5*w + 65 = -2*j, 4*w - 2*w - j = -17. Let a = w + 24. Calculate the remainder when m is divided by a.
12
Suppose 2*g - 2*d - 93 = 3*d, -66 = -g - 4*d. Let a = -27 - -41. What is the remainder when g is divided by a?
12
Suppose 3*g - 9 = 0, 8*g - 11*g - 716 = -5*t. Calculate the remainder when t is divided by 31.
21
Calculate the remainder when 189 is divided by (-99)/(-21) + (-6)/(-21).
4
What is the remainder when 4 is divided by (-2 + 1)*(-32)/32?
0
Suppose 3*q + 3*q = 102. What is the remainder when 2*q + 0 + 3 is divided by 10?
7
Suppose -p + 5*s = 0, 0*s - 28 = p + 2*s. Let w = p + 44. Suppose 277*x - 273*x = -3*q + 295, 25 = 5*q. Calculate the remainder when x is divided by w.
22
Let w(f) = -19*f**3 - 2 - 10*f**3 - 2*f + 9*f**3. What is the remainder when 39 is divided by w(-1)?
19
Let w(o) = 4*o**2 - 10*o - 9. Calculate the remainder when w(8) is divided by 54.
5
Let n be -7 + 10 - (-117 + -1 + 2). Let u = 127 - n. Calculate the remainder when u is divided by 7.
1
Let a(i) = 7*i**2 - 3*i - 9. Calculate the remainder when a(5) is divided by 8.
7
Let w be -3*(8/(-3) + 3). Let k(g) = g**2 - g. Let v be k(w). Suppose -1 - 3 = -v*a. Calculate the remainder when 7 is divided by a.
1
Let y(f) = 6*f**2 + 5*f - 7. Suppose -4*r + 5 = -5*r. Suppose -16 = -4*q, -5*a + 4*q - 2*q = -142. Calculate the remainder when y(r) is divided by a.
28
Let o(f) = -f**2 + 30*f - 172. What is the remainder when 222 is divided by o(12)?
2
Let a(n) = -n**3 + 13*n**2 - 8*n + 9. Let s be a(12). What is the remainder when 113 is divided by (0 + 1)/((5 - 2)/s)?
18
Let f(h) = h + 1. Suppose x = -0*x. Let z be 0 - (18/(-3) + x). Calculate the remainder when f(z) is divided by 3.
1
Suppose -a + 0*h + 42 = 2*h, 3*a - 154 = h. Suppose -4*o - 46*y + 93 = -49*y, -o - 4*y = -47. Calculate the remainder when a is divided by o.
23
Let u = 17 + -15. Suppose 5*k - 3*k = 12. Let r = -4 + k. What is the remainder when r is divided by u?
0
Let i(a) = a**2 + 3*a - 39. Calculate the remainder when 53 is divided by i(6).
8
Let n = 38 + -25. Let b(r) = 7*r + 2. Suppose 2*a + 5*a = 21. What is the remainder when b(a) is divided by n?
10
Let a = -17 - -19. Suppose -3*x - a*x + 455 = 0. What is the remainder when x is divided by 23?
22
Calculate the remainder when (1/((-1)/1))/((-14)/2044) is divided by 36.
2
What is the remainder when 300 + (-1)/(-1*(1 - 0)) is divided by 18?
13
Suppose -23*b + 358 = -125. Calculate the remainder when 219 is divided by b.
9
Suppose -15 = -5*h - 0*h. What is the remainder when 221 is divided by (4/12*h)/(3/111)?
36
Let u = 20 - -5. Suppose 2*s = 5*s + 63. Let j = s - -35. What is the remainder when u is divided by j?
11
Let n(j) = -j**3 - 14*j**2 + 4. Suppose 0 = -8*g + 59 + 213. Let o = g + -20. Calculate the remainder when o is divided by n(-14).
2
Let x(n) = 53*n**2 - 5*n - 5. Let m be (-2)/4 + (-11)/(-2) + -6. Calculate the remainder when x(m) is divided by 14.
11
Suppose 1110 = 5*i - 3*o, -o + 2*o + 670 = 3*i. Calculate the remainder when i is divided by 46.
41
Let n = -88 + 112. What is the remainder when 59 is divided by n?
11
Suppose -81 = -21*b + 45. What is the remainder when 12 is divided by b?
0
Let o(f) = f**2 - 13*f + 14. Let l be o(14). Let m = 27 - l. What is the remainder when 9 is divided by ((-7 - m)/1)/(-2)?
0
Suppose b + 8 = 4. Let s be (-158)/b - 14/(-28). What is the remainder when (-3)/(-3 - 0)*s is divided by 14?
12
Suppose -3*h = -6 - 3. Suppose 4*l + 0*l = h*x + 25, 3*l - 6 = -2*x. What is the remainder when 29 is divided by l?
1
Suppose -u = -2*u + 49. What is the remainder when 95 is divided by u?
46
Let x = -20 - -21. Let d be x*-27 - (4 + -5). Let n = -14 - d. What is the remainder when n is divided by 7?
5
Let j = -5 + 17. Suppose 0 = -g + j + 6. Calculate the remainder when g is divided by 10.
8
Let c(z) = -z**3 - 33*z**2 - 35*z - 86. Let g = -24 + 48. What is the remainder when g is divided by c(-32)?
4
Calculate the remainder when 102 is divided by (-3)/24*-20*14.
32
Suppose 48*t = 45*t + 132. What is the remainder when t is divided by 4?
0
Suppose -2*z - 5*d = -25, 10*z - d = 6*z + 61. Calculate the remainder when 58 is divided by z.
13
Let x be 1*-1 - 72/(-2). Let b = -391 + 266. Calculate the remainder when 7 is divided by 6/14 - b/x.
3
Suppose 11 = -j + 33. Calculate the remainder when (129*(-4 - -3))/((-48)/32) is divided by j.
20
Suppose -2*h + 3*w + 9 = 0, -w + 29 = 2*h - 0*w. What is the remainder when h is divided by 1560/(-1170) + (-19)/(-3)?
2
Let a(l) = -l**3 + 9*l**2 + 9*l + 23. Let b(f) = -f - 8. Let m be b(6). What is the remainder when a(10) is divided by m/(-3) - 2/(-6)?
3
Suppose 0 = -100*u + 96*u + 128. Calculate the remainder when 158 is divided by u.
30
Let j(w) = w**3 - 9*w**2 + 6*w + 10. Let h be j(8). Let y = -14 - h. Let r = y + 22. What is the remainder when 67 is divided by r?
11
Suppose -6 - 42 = -12*t. Suppose t*b - 76 = 2*b + 5*q, -2*b = 4*q - 112. What is the remainder when 143 is divided by b?
47
Suppose 0 = 3*c + k + k - 418, -c + 138 = k. Let v be ((-68)/(-16))/(14/672). Let q = v - c. Calculate the remainder when q is divided by 21.
20
Let n = 602 - 426. Calculate the remainder when n is divided by 30.
26
Suppose 0 = 35*f - 2806 - 134. What is the remainder when 752 is divided by f?
80
Calculate the remainder when 249 - (0 + -3)/(3/(-3)) is divided by 62.
60
Calculate the remainder when 5*(-286)/275*55/(-2) is divided by 38.
29
Suppose 5*n - 4*b + 54 = 0, -n - 3*b + 2 = -7*b. Let p = 20 + -5. What is the remainder when p is divided by (40/(-35))/(2/n)?
7
Suppose -2*k = -4, 2*y + k - 376 = 76. Let p = y - 143. Calculate the remainder when p is divided by 14.
12
Let n = -7 - -12. Suppose 10*g = n*g. Suppose -7*t + 3*t + 192 = g. What is the remainder when t is divided by 13?
9
Suppose 2*d - 2*x - 3*x = 4, 2 = -x. Let a be 50/d*(-48)/20. What is the remainder when 22 is divided by ((-5)/(-3))/(a/144)?
4
Suppose 275 = 3*m + 5*r, 2*r - 485 = -5*m + 7*r. Calculate the remainder when m is divided by 20.
15
Let z(s) = -s**2 - 3*s + 2. Let r be z(-2). Suppose -r*x = -19 - 5. What is the remainder when 29 is divided by x?
5
Let y be (3 + -9)*(-1 - 1). Let c be 2 - 32/y*-12. Suppose 3*n + c = 5*n. What is the remainder when n is divided by 10?
7
Suppose -2*f - 20 = -4*f. Suppose 9*m + 3*m = 1244 - 320. What is the remainder wh